+ 14. What is the hundreds digit of v(10)?
1
Suppose f = -x + 46, -3*f - 5*x = -146 + 8. Suppose 0 = i + 12 - f. What is the units digit of i?
4
Suppose 0 = -k + 2*k - 23. What is the tens digit of k?
2
Suppose -2*s - 5 = 4*z - 17, -2*s + 26 = -3*z. What is the tens digit of s?
1
Let o(m) = -m**2 - 10*m - 5. Let b be o(-9). Let x = 8 - b. Suppose 0 = -2*t + x*g - 14, -4*g = 2*t + 2*t - 32. What is the units digit of t?
3
Suppose 4*y = 54 + 122. What is the tens digit of (2 - y)/(2/(-1))?
2
Suppose -92 = -3*u + 4*r, 8 + 80 = 3*u - 5*r. What is the units digit of u?
6
Let i(q) = q - 4. Suppose -6 + 36 = 5*p. What is the units digit of i(p)?
2
Let w(f) = 5*f**2 - 2*f + 9. What is the units digit of w(-3)?
0
Suppose 4*g - 111 = 1617. What is the units digit of g?
2
Let q = -6 - -7. Let t be 2*1/((-2)/(-51)). What is the units digit of t/6 + q/2?
9
Suppose 2*l - 6*l = -3*z + 146, 120 = 2*z + 3*l. What is the tens digit of z?
5
What is the tens digit of (9/(9/2))/((-1)/(-27))?
5
Suppose 19 = j + 3*d, 4*j - 2*d - 113 - 19 = 0. Let i = j + -3. Suppose -3*m - m + i = 0. What is the units digit of m?
7
Suppose 0 = -3*r + 4*r + 2, 0 = -5*y + r + 282. Let l = y + -29. What is the units digit of l/(-15)*10/(-3)?
6
Let z(f) = -f**2 + 3*f - 1. What is the units digit of z(2)?
1
Let j(z) = z**3 - 5*z**2 + 4*z - 5. What is the tens digit of j(5)?
1
Let v(g) be the first derivative of g**5/60 + g**4/4 + g**3/3 + g**2 + 2. Let q(z) be the second derivative of v(z). What is the units digit of q(-6)?
2
Suppose -4*h - 71 = 69. Let m be ((-84)/h)/(3/40). Suppose r + 2*r - 60 = -3*i, 4*i + m = 3*r. What is the units digit of r?
6
Suppose -17 = 5*o + 13. Let j be 0 - (6 - (-8)/(-4)). Let n = j - o. What is the units digit of n?
2
Let m(s) = 12*s - 17. Let r(a) = -4*a + 6. Let g(i) = -4*m(i) - 11*r(i). Let c be g(2). What is the units digit of 4/6*(-81)/c?
9
Suppose 2*s - 2*q = 252, 3*s - 300 = -5*q + 86. What is the tens digit of s?
2
Let u(j) = -11*j + 20. Let m(g) = 5*g - 10. Let l(t) = -9*t**3 - t**2 + 2*t - 1. Let w be l(1). Let s(v) = w*m(v) - 4*u(v). What is the tens digit of s(0)?
1
Suppose 0 = -2*n - 8. Let c = 1 - n. What is the units digit of c?
5
Suppose j = f - 2*f + 14, 0 = 5*j + 4*f - 74. Let p = j - 9. What is the units digit of p?
9
Let c(b) = -b - 4. Let d be c(-7). Suppose 0 = -5*a + 7 + d. What is the units digit of (a/(-6))/(2/(-42))?
7
Let d = -49 + 49. Let w be (0 - (-1)/2)*4. Suppose -26 = -w*r - d*r. What is the tens digit of r?
1
Let r(m) = 5*m - 4. Let b be r(3). What is the units digit of (0 - -1) + b + 13?
5
Suppose z - 8 = -z. Suppose -l = -z*l. Suppose l = -u - 4 + 11. What is the units digit of u?
7
Let r = 11 - 6. Let x = -2 + r. Suppose 3*m - 24 = x*t, t = 5*m - t - 46. What is the units digit of m?
0
Suppose -2*o - 2*a = 20, 4*o - 2*a + 15 = -1. Let p = -6 - o. Suppose 0 = -p*m + m - 11. What is the units digit of m?
1
Let t(b) be the third derivative of -b**2 + 0 + 1/6*b**3 + 0*b**4 + 0*b + 1/15*b**5. What is the units digit of t(1)?
5
Suppose -2*d + 3*n - 3 = d, -5*n = -15. Let u(c) = -c. Let j be u(0). Suppose -10 = -d*a - j*a. What is the units digit of a?
5
Let j = -120 + 176. Suppose 0 = -3*y + 5*h + 81, -5 = 3*y + 5*h - j. What is the units digit of y?
2
Let c(a) = -a**3 + 10*a**2 + 10*a + 16. Let n be c(11). Suppose 14 = 3*f - n*m - 12, 0 = -4*f - m + 4. What is the units digit of f?
2
Let c = -25 + 9. Let x = c - -33. What is the tens digit of x?
1
Suppose 3*l + 7 - 22 = 0. Let p be 86/12 + (-1)/6. Suppose l*y - 83 = p. What is the units digit of y?
8
Let i be 1*(2 + (1 - 5)). Let v(w) = w**3 + 3*w**2 - w. Let m be v(i). Let r = m + 2. What is the units digit of r?
8
Suppose 0*p + 4*p - 136 = 0. What is the units digit of p?
4
What is the hundreds digit of 6/14 - ((-1772)/14 - 4)?
1
Let u = 50 - -65. What is the units digit of u?
5
Let u be (-99)/(-15) + 10/25. Let x = 4 + u. What is the tens digit of x?
1
Let q(s) = s**2 + 11*s - 16. What is the tens digit of q(-14)?
2
Let m(n) be the second derivative of -n**3/6 + 2*n**2 - 2*n. What is the tens digit of m(-6)?
1
Suppose 2*c + 315 = 5*c. Suppose 11*v + 4*x = 6*v + c, -4*x = 4*v - 80. What is the units digit of v?
5
Let d(g) = -g**2 + 6*g + 4. Let n be d(3). Suppose -3*o + 6 = 2*w - n, 4*o + 13 = 5*w. Suppose p = o + 7. What is the units digit of p?
0
Suppose -3*q + 12 = 3*w, 5*q - w - 3 - 17 = 0. Suppose 0 = 5*n + k + 1, 0*k = 4*n + 2*k - q. What is the units digit of 5/(n + 2 + 0)?
5
Suppose 5*n + 52 = 3*w, 2*w - 32 = -2*n + 8. Let h = -1 + w. What is the units digit of h?
8
Suppose -5 = f + 4*v, -2*f = 4*v - 3 + 13. Suppose g + 4*g - 32 = -2*i, 0 = 4*g - 4*i - 48. Let x = f + g. What is the units digit of x?
3
Let c = -4 + 10. Let i = 21 - c. What is the tens digit of i?
1
What is the units digit of (((-2)/(-3))/(-1))/((-16)/1104)?
6
Let o be ((-6)/10)/(2/(-10)). Suppose o*x = 2*x. What is the units digit of (x - 2/2)*-1?
1
What is the hundreds digit of (2*12)/(((-16)/20)/(-4))?
1
Let a = 6 + -6. Let t = 52 + -28. Suppose 3*p + t = i + 2*i, a = 3*p + 15. What is the units digit of i?
3
Let h(r) = r**2 - r - 1. Let s = 22 - 28. What is the units digit of h(s)?
1
Let v be ((-5)/2)/(5/(-10)). Let o = v - -2. What is the units digit of o?
7
Let y be -1*(0 + -31) - 2. Suppose 0 = -5*b + 3*c + y, -b - 3*c = -3*b + 17. What is the units digit of b?
4
Suppose -2*b - b + 213 = 0. What is the tens digit of b?
7
Suppose 2*y + 24 = 116. What is the units digit of y?
6
Let b(x) = -6*x - 6. Let a be b(5). Let q = -12 - a. What is the tens digit of q?
2
Let r = -15 + 25. What is the tens digit of r?
1
Suppose -4*m - 4 = 4*b, 4*m - 4 - 10 = 5*b. Let z(q) = q**3 + 7*q**2 + 3. Let r be z(-7). Suppose r*s - m = 2*s. What is the units digit of s?
1
Let i(w) = w**3 - 4*w**2 - w - 18. What is the units digit of i(5)?
2
Let j(y) = y + 47. What is the tens digit of j(-17)?
3
What is the units digit of (1350/12)/3 - (-2)/4?
8
Let z(m) be the third derivative of -m**4/24 + 5*m**3/3 - 2*m**2. Let a be z(9). What is the units digit of 2 + a/(-1) + 0?
1
Let v(l) = -l**3 + 11*l**2 + 15*l + 4. What is the units digit of v(12)?
0
Suppose -4*l + 3*t = -210, 2*l - 81 = 3*t + 21. What is the tens digit of l?
5
Suppose 5*w - 48 = -o, 3*w - o = -2*o + 30. What is the units digit of w?
9
Let o be 2*(-1)/3*-18. Suppose 3*m + 3*w = 12, 2*m + m - 4*w = o. Suppose 0*s - 3*d = s + 11, m*s + 4 = -4*d. What is the units digit of s?
4
Suppose 3*k + 0*k - 1 = -2*w, w + 2*k = 1. Let n be (-2 - -2)*1/w. What is the units digit of 10 + n + -1 - 1?
8
Suppose 19*c - 1342 = 8*c. What is the hundreds digit of c?
1
Suppose 5*l + 47 = -2*n, n - 3*l + 2 = 6. Let j = -8 - n. Let m = 4 + j. What is the units digit of m?
7
Let q be (-4)/20 + (-6)/(-5). Let a(b) = q - 5*b + 0 + 3*b. What is the units digit of a(-2)?
5
Let n = 17 - 8. What is the units digit of n?
9
Suppose -b - 1 + 4 = 0. Let n(p) = -3*p + 1. Let h(m) = -4*m + 1. Let y(j) = b*n(j) - 4*h(j). What is the units digit of y(2)?
3
Let g = 21 - 8. What is the units digit of g?
3
Let d(z) = 10*z**2 + 3*z - 2. What is the tens digit of d(2)?
4
Let q(j) = 4 + 6 + 3 - j**2 + 2*j**2. What is the tens digit of q(0)?
1
Let w(y) = -y**3 - 5*y**2 + 4. Let d = -14 + 22. Let m = d + -13. What is the units digit of w(m)?
4
Let t = 10 + -13. What is the units digit of t + 6*18/4?
4
Suppose -2*d + 4 = -10. Let g(z) = -z + 8. Let h be g(d). What is the units digit of 11*h/3*3?
1
What is the units digit of ((-11)/44)/(2/(-104))?
3
Let g = 86 + -14. Suppose g - 224 = -4*v. What is the units digit of v?
8
Suppose -z + 45 = 4*z. Let s be -2 + (-6)/z*-9. Suppose -4*g - 24 = -s*f, 0 = -f - g - g - 9. What is the units digit of f?
1
Let c(m) = -m**3 + 3*m**2 - m. Let x be c(3). Let y = x - -4. Suppose -g - 4 = -4*l + 6, 3*l - y = 4*g. What is the units digit of g?
2
Let c(k) = -11*k - 41. Let u(h) = -3*h - 10. Let i(w) = -2*c(w) + 9*u(w). Let m be -3 - 4/(12/9). What is the units digit of i(m)?
2
Let u = -16 + 33. What is the units digit of u?
7
Suppose -5*k = 10*k - 2760. What is the units digit of k?
4
Suppose 292 = 5*c - 403. What is the tens digit of c?
3
Let q(p) = p**3 + 6*p**2 + 6. Suppose 0 = -4*h - 5*d - 29, -3*d = -h - 6 + 3. Let t be q(h). Suppose -4*r + 10 = -t. What is the uni